{"id":10,"date":"2026-01-08T11:32:43","date_gmt":"2026-01-08T11:32:43","guid":{"rendered":"https:\/\/certifikal.com\/?page_id=10"},"modified":"2026-01-08T12:28:05","modified_gmt":"2026-01-08T12:28:05","slug":"elementor-10","status":"publish","type":"page","link":"https:\/\/certifikal.com\/","title":{"rendered":"Home"},"content":{"rendered":"\t\t<div data-elementor-type=\"wp-post\" data-elementor-id=\"10\" class=\"elementor elementor-10\">\n\t\t\t\t<div class=\"elementor-element elementor-element-01810fd e-flex e-con-boxed e-con e-parent\" data-id=\"01810fd\" data-element_type=\"container\">\n\t\t\t\t\t<div class=\"e-con-inner\">\n\t\t<div class=\"elementor-element elementor-element-264529e e-con-full e-flex e-con e-child\" data-id=\"264529e\" data-element_type=\"container\">\n\t\t\t\t<div class=\"elementor-element elementor-element-d3a613f elementor-widget__width-initial elementor-widget elementor-widget-image\" data-id=\"d3a613f\" data-element_type=\"widget\" data-widget_type=\"image.default\">\n\t\t\t\t\t\t\t\t\t\t\t\t\t\t\t<img fetchpriority=\"high\" decoding=\"async\" width=\"300\" height=\"300\" src=\"http:\/\/certifikal.com\/wp-content\/uploads\/2026\/01\/logo-300x300.png\" class=\"attachment-medium size-medium wp-image-6\" alt=\"\" srcset=\"http:\/\/certifikal.com\/wp-content\/uploads\/2026\/01\/logo-300x300.png 300w, http:\/\/certifikal.com\/wp-content\/uploads\/2026\/01\/logo-150x150.png 150w, http:\/\/certifikal.com\/wp-content\/uploads\/2026\/01\/logo-768x768.png 768w, http:\/\/certifikal.com\/wp-content\/uploads\/2026\/01\/logo.png 1024w\" sizes=\"(max-width: 300px) 100vw, 300px\" \/>\t\t\t\t\t\t\t\t\t\t\t\t\t\t\t<\/div>\n\t\t\t\t<\/div>\n\t\t<div class=\"elementor-element elementor-element-467a06c e-con-full e-flex e-con e-child\" data-id=\"467a06c\" data-element_type=\"container\">\n\t\t\t\t<\/div>\n\t\t\t\t\t<\/div>\n\t\t\t\t<\/div>\n\t\t<div class=\"elementor-element elementor-element-1a9e1ba e-flex e-con-boxed e-con e-parent\" data-id=\"1a9e1ba\" data-element_type=\"container\">\n\t\t\t\t\t<div class=\"e-con-inner\">\n\t\t<div class=\"elementor-element elementor-element-12914c1 e-con-full e-flex e-con e-child\" data-id=\"12914c1\" data-element_type=\"container\">\n\t\t\t\t<div class=\"elementor-element elementor-element-0e3f6e0 elementor-widget elementor-widget-heading\" data-id=\"0e3f6e0\" data-element_type=\"widget\" data-widget_type=\"heading.default\">\n\t\t\t\t\t<h2 class=\"elementor-heading-title elementor-size-default\">Certifikime t\u00eb besueshme p\u00ebr produktet e nd\u00ebrtimit\n<\/h2>\t\t\t\t<\/div>\n\t\t\t\t<div class=\"elementor-element elementor-element-68cc12e elementor-widget elementor-widget-text-editor\" data-id=\"68cc12e\" data-element_type=\"widget\" data-widget_type=\"text-editor.default\">\n\t\t\t\t\t\t\t\t\t<h3><b>Siguri. Pajtueshm\u00ebri. Cil\u00ebsi e certifikuar.<\/b><\/h3><p class=\"p3\">Certifikal ofron sh\u00ebrbime profesionale t\u00eb certifikimit p\u00ebr produktet e sektorit t\u00eb nd\u00ebrtimit, n\u00eb p\u00ebrputhje me standardet evropiane dhe komb\u00ebtare n\u00eb fuqi.<\/p>\t\t\t\t\t\t\t\t<\/div>\n\t\t\t\t<\/div>\n\t\t<div class=\"elementor-element elementor-element-c50e4b9 e-con-full e-flex e-con e-child\" data-id=\"c50e4b9\" data-element_type=\"container\">\n\t\t\t\t<div class=\"elementor-element elementor-element-1fefe9e elementor-widget elementor-widget-image\" data-id=\"1fefe9e\" data-element_type=\"widget\" data-widget_type=\"image.default\">\n\t\t\t\t\t\t\t\t\t\t\t\t\t\t\t<img decoding=\"async\" width=\"800\" height=\"444\" src=\"http:\/\/certifikal.com\/wp-content\/uploads\/2026\/01\/Certifikime-te-produkteve-te-ndertimit-1024x568.png\" class=\"attachment-large size-large wp-image-65\" alt=\"\" srcset=\"http:\/\/certifikal.com\/wp-content\/uploads\/2026\/01\/Certifikime-te-produkteve-te-ndertimit-1024x568.png 1024w, http:\/\/certifikal.com\/wp-content\/uploads\/2026\/01\/Certifikime-te-produkteve-te-ndertimit-300x166.png 300w, http:\/\/certifikal.com\/wp-content\/uploads\/2026\/01\/Certifikime-te-produkteve-te-ndertimit-768x426.png 768w, http:\/\/certifikal.com\/wp-content\/uploads\/2026\/01\/Certifikime-te-produkteve-te-ndertimit-1536x852.png 1536w, http:\/\/certifikal.com\/wp-content\/uploads\/2026\/01\/Certifikime-te-produkteve-te-ndertimit-2048x1136.png 2048w\" sizes=\"(max-width: 800px) 100vw, 800px\" \/>\t\t\t\t\t\t\t\t\t\t\t\t\t\t\t<\/div>\n\t\t\t\t<\/div>\n\t\t\t\t\t<\/div>\n\t\t\t\t<\/div>\n\t\t<div class=\"elementor-element elementor-element-03c7aec e-flex e-con-boxed e-con e-parent\" data-id=\"03c7aec\" data-element_type=\"container\">\n\t\t\t\t\t<div class=\"e-con-inner\">\n\t\t<div class=\"elementor-element elementor-element-4e988cf e-con-full e-flex e-con e-child\" data-id=\"4e988cf\" data-element_type=\"container\">\n\t\t\t\t<div class=\"elementor-element elementor-element-b285c9c elementor-widget elementor-widget-image\" data-id=\"b285c9c\" data-element_type=\"widget\" data-widget_type=\"image.default\">\n\t\t\t\t\t\t\t\t\t\t\t\t\t\t\t<img decoding=\"async\" width=\"800\" height=\"534\" src=\"http:\/\/certifikal.com\/wp-content\/uploads\/2026\/01\/PSE-TE-CERTIFIKONI-PRODUKTET-TUAJA-1024x683.png\" class=\"attachment-large size-large wp-image-63\" alt=\"\" srcset=\"http:\/\/certifikal.com\/wp-content\/uploads\/2026\/01\/PSE-TE-CERTIFIKONI-PRODUKTET-TUAJA-1024x683.png 1024w, http:\/\/certifikal.com\/wp-content\/uploads\/2026\/01\/PSE-TE-CERTIFIKONI-PRODUKTET-TUAJA-300x200.png 300w, http:\/\/certifikal.com\/wp-content\/uploads\/2026\/01\/PSE-TE-CERTIFIKONI-PRODUKTET-TUAJA-768x512.png 768w, http:\/\/certifikal.com\/wp-content\/uploads\/2026\/01\/PSE-TE-CERTIFIKONI-PRODUKTET-TUAJA-1536x1024.png 1536w, http:\/\/certifikal.com\/wp-content\/uploads\/2026\/01\/PSE-TE-CERTIFIKONI-PRODUKTET-TUAJA-2048x1365.png 2048w\" sizes=\"(max-width: 800px) 100vw, 800px\" \/>\t\t\t\t\t\t\t\t\t\t\t\t\t\t\t<\/div>\n\t\t\t\t<\/div>\n\t\t<div class=\"elementor-element elementor-element-8e480b2 e-con-full e-flex e-con e-child\" data-id=\"8e480b2\" data-element_type=\"container\">\n\t\t\t\t<div class=\"elementor-element elementor-element-2b6efd4 elementor-widget elementor-widget-heading\" data-id=\"2b6efd4\" data-element_type=\"widget\" data-widget_type=\"heading.default\">\n\t\t\t\t\t<h2 class=\"elementor-heading-title elementor-size-default\">Pse t\u00eb certifikoni produktet tuaja?<\/h2>\t\t\t\t<\/div>\n\t\t\t\t<div class=\"elementor-element elementor-element-1c8f157 elementor-widget elementor-widget-text-editor\" data-id=\"1c8f157\" data-element_type=\"widget\" data-widget_type=\"text-editor.default\">\n\t\t\t\t\t\t\t\t\t<p class=\"p1\">Certifikimi i produkteve t\u00eb nd\u00ebrtimit \u00ebsht\u00eb thelb\u00ebsor p\u00ebr t\u00eb garantuar:<\/p><ul><li><p class=\"p1\">Pajtueshm\u00ebrin\u00eb me rregulloret evropiane (CE, CPR)<\/p><\/li><li><p class=\"p1\">Sigurin\u00eb dhe performanc\u00ebn e produktit<\/p><\/li><li><p class=\"p1\">Qasjen n\u00eb tregun evropian<\/p><\/li><li><p class=\"p1\">Besueshm\u00ebrin\u00eb ndaj klient\u00ebve dhe partner\u00ebve<\/p><\/li><\/ul><p class=\"p1\">Certifikal ju mb\u00ebshtet n\u00eb \u00e7do faz\u00eb t\u00eb procesit, duke ofruar zgjidhje t\u00eb qarta, t\u00eb sakta dhe t\u00eb dokumentuara.<\/p>\t\t\t\t\t\t\t\t<\/div>\n\t\t\t\t<\/div>\n\t\t\t\t\t<\/div>\n\t\t\t\t<\/div>\n\t\t<div class=\"elementor-element elementor-element-3c4efff e-flex e-con-boxed e-con e-parent\" data-id=\"3c4efff\" data-element_type=\"container\">\n\t\t\t\t\t<div class=\"e-con-inner\">\n\t\t<div class=\"elementor-element elementor-element-604604d e-con-full e-flex e-con e-child\" data-id=\"604604d\" data-element_type=\"container\">\n\t\t\t\t<div class=\"elementor-element elementor-element-5ca0340 elementor-widget elementor-widget-heading\" data-id=\"5ca0340\" data-element_type=\"widget\" data-widget_type=\"heading.default\">\n\t\t\t\t\t<h2 class=\"elementor-heading-title elementor-size-default\">Sh\u00ebrbimet tona t\u00eb certifikimit<\/h2>\t\t\t\t<\/div>\n\t\t\t\t<div class=\"elementor-element elementor-element-07dfb67 elementor-widget elementor-widget-text-editor\" data-id=\"07dfb67\" data-element_type=\"widget\" data-widget_type=\"text-editor.default\">\n\t\t\t\t\t\t\t\t\t<ul><li><p class=\"p1\">Certifikim p\u00ebr produkte nd\u00ebrtimi<\/p><\/li><li><p class=\"p1\">Marcimi CE<\/p><\/li><li><p class=\"p1\">Verifikim i p\u00ebrputhshm\u00ebris\u00eb normative<\/p><\/li><li><p class=\"p1\">Testime dhe prova teknike<\/p><\/li><li><p class=\"p1\">Deklarata e Performanc\u00ebs (DoP)<\/p><\/li><li><p class=\"p1\">Mb\u00ebshtetje teknike dhe dokumentacioni<\/p><\/li><\/ul><p class=\"p3\">\u00c7do sh\u00ebrbim \u00ebsht\u00eb i p\u00ebrshtatur sipas llojit t\u00eb produktit dhe k\u00ebrkesave ligjore.<\/p>\t\t\t\t\t\t\t\t<\/div>\n\t\t\t\t<\/div>\n\t\t<div class=\"elementor-element elementor-element-023312b e-con-full e-flex e-con e-child\" data-id=\"023312b\" data-element_type=\"container\">\n\t\t\t\t<div class=\"elementor-element elementor-element-aac52d5 elementor-widget elementor-widget-image\" data-id=\"aac52d5\" data-element_type=\"widget\" data-widget_type=\"image.default\">\n\t\t\t\t\t\t\t\t\t\t\t\t\t\t\t<img loading=\"lazy\" decoding=\"async\" width=\"800\" height=\"598\" src=\"http:\/\/certifikal.com\/wp-content\/uploads\/2026\/01\/SHERBIMET-TONA-TE-CERTIFIKIMIT-1024x766.png\" class=\"attachment-large size-large wp-image-64\" alt=\"\" srcset=\"http:\/\/certifikal.com\/wp-content\/uploads\/2026\/01\/SHERBIMET-TONA-TE-CERTIFIKIMIT-1024x766.png 1024w, http:\/\/certifikal.com\/wp-content\/uploads\/2026\/01\/SHERBIMET-TONA-TE-CERTIFIKIMIT-300x224.png 300w, http:\/\/certifikal.com\/wp-content\/uploads\/2026\/01\/SHERBIMET-TONA-TE-CERTIFIKIMIT-768x574.png 768w, http:\/\/certifikal.com\/wp-content\/uploads\/2026\/01\/SHERBIMET-TONA-TE-CERTIFIKIMIT-1536x1149.png 1536w, http:\/\/certifikal.com\/wp-content\/uploads\/2026\/01\/SHERBIMET-TONA-TE-CERTIFIKIMIT.png 2014w\" sizes=\"(max-width: 800px) 100vw, 800px\" \/>\t\t\t\t\t\t\t\t\t\t\t\t\t\t\t<\/div>\n\t\t\t\t<\/div>\n\t\t\t\t\t<\/div>\n\t\t\t\t<\/div>\n\t\t<div class=\"elementor-element elementor-element-a4fe861 e-flex e-con-boxed e-con e-parent\" data-id=\"a4fe861\" data-element_type=\"container\">\n\t\t\t\t\t<div class=\"e-con-inner\">\n\t\t<div class=\"elementor-element elementor-element-ad95e35 e-con-full e-flex e-con e-child\" data-id=\"ad95e35\" data-element_type=\"container\">\n\t\t\t\t<div class=\"elementor-element elementor-element-a9d0274 elementor-widget elementor-widget-image\" data-id=\"a9d0274\" data-element_type=\"widget\" data-widget_type=\"image.default\">\n\t\t\t\t\t\t\t\t\t\t\t\t\t\t\t<img loading=\"lazy\" decoding=\"async\" width=\"800\" height=\"534\" src=\"http:\/\/certifikal.com\/wp-content\/uploads\/2026\/01\/image-1024x683.png\" class=\"attachment-large size-large wp-image-69\" alt=\"\" srcset=\"http:\/\/certifikal.com\/wp-content\/uploads\/2026\/01\/image-1024x683.png 1024w, http:\/\/certifikal.com\/wp-content\/uploads\/2026\/01\/image-300x200.png 300w, http:\/\/certifikal.com\/wp-content\/uploads\/2026\/01\/image-768x512.png 768w, http:\/\/certifikal.com\/wp-content\/uploads\/2026\/01\/image.png 1536w\" sizes=\"(max-width: 800px) 100vw, 800px\" \/>\t\t\t\t\t\t\t\t\t\t\t\t\t\t\t<\/div>\n\t\t\t\t<\/div>\n\t\t<div class=\"elementor-element elementor-element-29cb8c5 e-con-full e-flex e-con e-child\" data-id=\"29cb8c5\" data-element_type=\"container\">\n\t\t\t\t<div class=\"elementor-element elementor-element-1dc5913 elementor-widget elementor-widget-heading\" data-id=\"1dc5913\" data-element_type=\"widget\" data-widget_type=\"heading.default\">\n\t\t\t\t\t<h2 class=\"elementor-heading-title elementor-size-default\">Standarde dhe normativa<\/h2>\t\t\t\t<\/div>\n\t\t\t\t<div class=\"elementor-element elementor-element-bcd75d1 elementor-widget elementor-widget-text-editor\" data-id=\"bcd75d1\" data-element_type=\"widget\" data-widget_type=\"text-editor.default\">\n\t\t\t\t\t\t\t\t\t<p class=\"p1\">Certifikal operon n\u00eb p\u00ebrputhje me:<\/p><ul><li><p class=\"p1\">Rregulloren Evropiane 305\/2011 (CPR)<\/p><\/li><li><p class=\"p1\">Standarde UNI, EN dhe ISO<\/p><\/li><li><p class=\"p1\">K\u00ebrkesat ligjore komb\u00ebtare dhe evropiane<\/p><\/li><\/ul><p class=\"p1\">Ne ndihmojm\u00eb prodhuesit dhe distributor\u00ebt t\u00eb respektojn\u00eb plot\u00ebsisht detyrimet ligjore.<\/p>\t\t\t\t\t\t\t\t<\/div>\n\t\t\t\t<\/div>\n\t\t\t\t\t<\/div>\n\t\t\t\t<\/div>\n\t\t<div class=\"elementor-element elementor-element-c9b9917 e-flex e-con-boxed e-con e-parent\" data-id=\"c9b9917\" data-element_type=\"container\">\n\t\t\t\t\t<div class=\"e-con-inner\">\n\t\t\t\t<div class=\"elementor-element elementor-element-0dd190d elementor-widget elementor-widget-text-editor\" data-id=\"0dd190d\" data-element_type=\"widget\" data-widget_type=\"text-editor.default\">\n\t\t\t\t\t\t\t\t\t<h2><b>\ud83d\udcde K\u00ebrkoni nj\u00eb certifikim sot<\/b><\/h2><p class=\"p3\">Jeni prodhues, importues ose distributor i produkteve t\u00eb nd\u00ebrtimit?<\/p><p class=\"p3\">Kontaktoni Certifikal p\u00ebr nj\u00eb vler\u00ebsim profesional dhe nj\u00eb ofert\u00eb t\u00eb personalizuar.<\/p>\t\t\t\t\t\t\t\t<\/div>\n\t\t\t\t\t<\/div>\n\t\t\t\t<\/div>\n\t\t<div class=\"elementor-element elementor-element-7795662 e-flex e-con-boxed e-con e-parent\" data-id=\"7795662\" data-element_type=\"container\">\n\t\t\t\t\t<div class=\"e-con-inner\">\n\t\t\t\t<div class=\"elementor-element elementor-element-9b26165 elementor-widget elementor-widget-spacer\" data-id=\"9b26165\" data-element_type=\"widget\" data-widget_type=\"spacer.default\">\n\t\t\t\t\t\t\t<div class=\"elementor-spacer\">\n\t\t\t<div class=\"elementor-spacer-inner\"><\/div>\n\t\t<\/div>\n\t\t\t\t\t\t<\/div>\n\t\t\t\t\t<\/div>\n\t\t\t\t<\/div>\n\t\t<div class=\"elementor-element elementor-element-8f741ef e-flex e-con-boxed e-con e-parent\" data-id=\"8f741ef\" data-element_type=\"container\">\n\t\t\t\t\t<div class=\"e-con-inner\">\n\t\t\t\t<div class=\"elementor-element elementor-element-e845c72 elementor-widget elementor-widget-text-editor\" data-id=\"e845c72\" data-element_type=\"widget\" data-widget_type=\"text-editor.default\">\n\t\t\t\t\t\t\t\t\t<p>Rruga Hoxha Tahsim &#8211; Tirana &#8211; Albania &#8211;\u00a0 Tel: +35544542056 &#8211; Mail: info@certifikal.com<\/p>\t\t\t\t\t\t\t\t<\/div>\n\t\t\t\t\t<\/div>\n\t\t\t\t<\/div>\n\t\t\t\t<\/div>\n\t\t","protected":false},"excerpt":{"rendered":"<p>Certifikime t\u00eb besueshme p\u00ebr produktet e nd\u00ebrtimit Siguri. Pajtueshm\u00ebri. Cil\u00ebsi e certifikuar. Certifikal ofron sh\u00ebrbime profesionale t\u00eb certifikimit p\u00ebr produktet e sektorit t\u00eb nd\u00ebrtimit, n\u00eb p\u00ebrputhje me standardet evropiane dhe komb\u00ebtare n\u00eb fuqi. Pse t\u00eb certifikoni produktet tuaja? Certifikimi i produkteve t\u00eb nd\u00ebrtimit \u00ebsht\u00eb thelb\u00ebsor p\u00ebr t\u00eb garantuar: Pajtueshm\u00ebrin\u00eb me rregulloret evropiane (CE, CPR) Sigurin\u00eb [&hellip;]<\/p>\n","protected":false},"author":1,"featured_media":0,"parent":0,"menu_order":0,"comment_status":"closed","ping_status":"closed","template":"elementor_header_footer","meta":{"footnotes":""},"class_list":["post-10","page","type-page","status-publish","hentry"],"_links":{"self":[{"href":"https:\/\/certifikal.com\/index.php\/wp-json\/wp\/v2\/pages\/10","targetHints":{"allow":["GET"]}}],"collection":[{"href":"https:\/\/certifikal.com\/index.php\/wp-json\/wp\/v2\/pages"}],"about":[{"href":"https:\/\/certifikal.com\/index.php\/wp-json\/wp\/v2\/types\/page"}],"author":[{"embeddable":true,"href":"https:\/\/certifikal.com\/index.php\/wp-json\/wp\/v2\/users\/1"}],"replies":[{"embeddable":true,"href":"https:\/\/certifikal.com\/index.php\/wp-json\/wp\/v2\/comments?post=10"}],"version-history":[{"count":53,"href":"https:\/\/certifikal.com\/index.php\/wp-json\/wp\/v2\/pages\/10\/revisions"}],"predecessor-version":[{"id":78,"href":"https:\/\/certifikal.com\/index.php\/wp-json\/wp\/v2\/pages\/10\/revisions\/78"}],"wp:attachment":[{"href":"https:\/\/certifikal.com\/index.php\/wp-json\/wp\/v2\/media?parent=10"}],"curies":[{"name":"wp","href":"https:\/\/api.w.org\/{rel}","templated":true}]}}